91, 5351
List the prime factors of 3193575452.
2, 3461, 230683
List the prime factors of 2962536578.
2, 673, 2200993
List the prime factors of 113377687.
73, 1553119
What are the prime factors of 91544764?
2, 29, 43, 18353
List the prime factors of 521101457.
521101457
List the prime factors of 113096570.
2, 5, 47, 240631
List the prime factors of 70639080.
2, 3, 5, 17, 31, 1117
List the prime factors of 41552960.
2, 5, 129853
List the prime factors of 98411258.
2, 11, 281, 15919
List the prime factors of 463798263.
3, 2879, 53699
What are the prime factors of 22798823?
22798823
List the prime factors of 249710707.
359, 695573
What are the prime factors of 263515004?
2, 31, 59, 181, 199
What are the prime factors of 166276825?
5, 11, 13, 46511
List the prime factors of 3684807876.
2, 3, 337, 911179
What are the prime factors of 1660427026?
2, 17, 43, 557, 2039
What are the prime factors of 623522501?
7, 12724949
What are the prime factors of 26522778?
2, 3, 4420463
What are the prime factors of 455037197?
3989, 114073
What are the prime factors of 39703567?
113, 351359
What are the prime factors of 48437686?
2, 11, 31, 71023
What are the prime factors of 65346635?
5, 179, 73013
List the prime factors of 5475291002.
2, 29, 101, 934669
What are the prime factors of 63718124?
2, 293, 54367
What are the prime factors of 37001136?
2, 3, 61, 12637
What are the prime factors of 3567118041?
3, 17, 26891
List the prime factors of 193913832.
2, 3, 7, 17, 43, 1579
List the prime factors of 838579870.
2, 5, 281, 298427
What are the prime factors of 67352511?
3, 19, 241, 4903
List the prime factors of 164532292.
2, 2683, 15331
List the prime factors of 1699673076.
2, 3, 293, 161137
List the prime factors of 2378330159.
61, 1811, 21529
List the prime factors of 52896842.
2, 2113, 12517
What are the prime factors of 171107628?
2, 3, 14258969
What are the prime factors of 110645891?
1723, 64217
List the prime factors of 2126598017.
17, 125094001
List the prime factors of 20906989.
31, 674419
What are the prime factors of 15466373?
13, 23, 173
List the prime factors of 4659970555.
5, 17, 54823183
List the prime factors of 32344417.
7, 23, 79, 2543
List the prime factors of 23490046.
2, 11745023
List the prime factors of 8725661.
7, 41, 30403
List the prime factors of 1323729177.
3, 441243059
What are the prime factors of 65781576?
2, 3, 7, 47, 2777
List the prime factors of 59839648.
2, 11, 47, 3617
List the prime factors of 1002244028.
2, 2281, 109847
What are the prime factors of 28824015?
3, 5, 11, 15881
List the prime factors of 300836145.
3, 5, 20055743
What are the prime factors of 438972271?
438972271
List the prime factors of 974250067.
7, 59, 1237, 1907
What are the prime factors of 47683591?
47683591
List the prime factors of 1617554845.
5, 17, 107, 293, 607
List the prime factors of 405679285.
5, 11, 37, 311, 641
List the prime factors of 643463645.
5, 11, 67, 174617
List the prime factors of 225451134.
2, 3, 197, 21193
List the prime factors of 30594090.
2, 3, 5, 103, 9901
What are the prime factors of 64793136?
2, 3, 53, 25469
What are the prime factors of 2019596705?
5, 7, 103, 560221
What are the prime factors of 5905392345?
3, 5, 43743647
List the prime factors of 4677944034.
2, 3, 4673, 166843
List the prime factors of 180129474.
2, 3, 7, 47, 10139
What are the prime factors of 117098379?
3, 67, 21577
What are the prime factors of 544939790?
2, 5, 54493979
What are the prime factors of 589317316?
2, 7, 23, 31, 4217
List the prime factors of 833281312.
2, 26040041
List the prime factors of 63470209.
11, 929, 6211
What are the prime factors of 172977507?
3, 593, 32411
List the prime factors of 4079563700.
2, 5, 53, 769729
List the prime factors of 404681812.
2, 31, 151, 21613
List the prime factors of 1530901888.
2, 11960171
List the prime factors of 10479202.
2, 67, 78203
What are the prime factors of 15438724?
2, 7, 227, 347
List the prime factors of 135447302.
2, 151, 241, 1861
List the prime factors of 61146694.
2, 7, 31, 140891
What are the prime factors of 768713474?
2, 127, 3026431
List the prime factors of 615938998.
2, 19, 421, 38501
What are the prime factors of 921945972?
2, 3, 17, 43, 227, 463
List the prime factors of 3603162188.
2, 29, 31061743
What are the prime factors of 337077253?
919, 366787
List the prime factors of 985115972.
2, 37, 179897
What are the prime factors of 4413939078?
2, 3, 43, 857, 19963
What are the prime factors of 122548372?
2, 89, 344237
What are the prime factors of 1586975240?
2, 5, 1601, 24781
List the prime factors of 316940521.
71, 1423, 3137
List the prime factors of 2128694203.
19, 523, 214219
List the prime factors of 5206372466.
2, 2603186233
List the prime factors of 665143340.
2, 5, 33257167
What are the prime factors of 12307740?
2, 3, 5, 205129
List the prime factors of 28565780.
2, 5, 17, 84017
List the prime factors of 36992204.
2, 17, 661, 823
List the prime factors of 206417013.
3, 11, 6255061
What are the prime factors of 59967773?
811, 73943
What are the prime factors of 234375723?
3, 37, 157, 4483
List the prime factors of 16812707.
16812707
What are the prime factors of 129416425?
5, 337, 15361
What are the prime factors of 223668015?
3, 5, 14911201
List the prime factors of 8957571.
3, 7, 426551
What are the prime factors of 17969662?
2, 191, 47041
List the prime factors of 1958116582.
2, 2953, 331547
List the prime factors of 248694927.
3, 13, 31, 205703
What are the prime factors of 47251004?
2, 1439, 8209
List the prime factors of 2612377060.
2, 5, 2551, 51203
What are the prime factors of 3571799414?
2, 71, 643, 39119
What are the prime factors of 197952504?
2, 3, 8248021
List the prime factors of 628503664.
2, 4933, 7963
What are the prime factors of 658526?
2, 11, 37, 809
What are the prime factors of 2864710016?
2, 7, 29, 41, 2689
List the prime factors of 511845044.
2, 17, 311, 24203
What are the prime factors of 2087635168?
2, 3571, 18269
What are the prime factors of 46428393?
3, 11, 359, 3919
List the prime factors of 122626200.
2, 3, 5, 204377
List the prime factors of 856219232.
2, 11, 251, 881
What are the prime factors of 278235553?
41, 181, 37493
List the prime factors of 267935329.
127, 2109727
List the prime factors of 152352625.
5, 1218821
What are the prime factors of 3462908345?
5, 13, 53275513
What are the prime factors of 461250849?
3, 59, 487, 5351
List the prime factors of 182171149.
182171149
What are the prime factors of 764643486?
2, 3, 19, 353021
List the prime factors of 13128957.
3, 241, 6053
What are the prime factors of 46462257?
3, 5162473
List the prime factors of 36070723.
13, 67, 41413
List the prime factors of 243450027.
3, 1523, 17761
What are the prime factors of 1874709376?
2, 31, 472457
List the prime factors of 332075937.
3, 31, 383, 9323
What are the prime factors of 338982792?
2, 3, 607, 23269
What are the prime factors of 69252586?
2, 13, 23, 115807
What are the prime factors of 53218235?
5, 7, 139, 10939
List the prime factors of 6023974326.
2, 3, 3793, 264697
List the prime factors of 537702277.
7, 7951, 9661
What are the prime factors of 575737611?
3, 31, 6190727
What are the prime factors of 427980906?
2, 3, 23776717
List the prime factors of 27108509.
4597, 5897
List the prime factors of 235933235.
5, 47186647
List the prime factors of 1002680944.
2, 17, 3686327
What are the prime factors of 73743835?
5, 11, 1340797
What are the prime factors of 239577040?
2, 5, 2994713
List the prime factors of 125322525.
3, 5, 401, 463
What are the prime factors of 1413509958?
2, 3, 7, 647, 2477
What are the prime factors of 29272124?
2, 7, 73, 14321
List the prime factors of 17855998.
2, 163, 54773
What are the prime factors of 9079879?
97, 93607
What are the prime factors of 48657565?
5, 11, 61, 14503
What are the prime factors of 67936118?
2, 163, 208393
What are the prime factors of 8676101?
7, 1239443
What are the prime factors of 1280540735?
5, 71, 3607157
What are the prime factors of 53315958?
2, 3, 43, 206651
What are the prime factors of 1218304312?
2, 152288039
What are the prime factors of 934012945?
5, 186802589
What are the prime factors of 1685868079?
7, 34405471
What are the prime factors of 39240816?
2, 3, 257, 3181
What are the